{"id":56,"date":"2021-05-24T16:59:44","date_gmt":"2021-05-24T13:59:44","guid":{"rendered":"https:\/\/energydays.cumhuriyet.edu.tr\/?page_id=56"},"modified":"2024-12-26T15:05:14","modified_gmt":"2024-12-26T12:05:14","slug":"onemli-tarihler","status":"publish","type":"page","link":"https:\/\/energydays.cumhuriyet.edu.tr\/?page_id=56","title":{"rendered":"Ge\u00e7mi\u015f Enerji G\u00fcnleri"},"content":{"rendered":"\n<p><strong>   <\/strong><\/p>\n\n\n\n<h2 class=\"wp-block-heading\">III. Uluslararas\u0131 Enerji G\u00fcnleri<\/h2>\n\n\n\n<figure class=\"wp-block-table is-style-stripes\"><table><tbody><tr><td>Sempozyum A\u00e7\u0131l\u0131\u015f Tarihi<\/td><td>27 Aral\u0131k 2024<\/td><\/tr><tr><td>Sempozyum Konu\u015fmalar\u0131<\/td><td>27 Aral\u0131k 2024<\/td><\/tr><tr><td>Sempozyum Kapan\u0131\u015f Tarihi<\/td><td>27 Aral\u0131k 2024<\/td><\/tr><\/tbody><\/table><\/figure>\n\n\n\n<h2 class=\"wp-block-heading\">II. Uluslararas\u0131 Enerji G\u00fcnleri<\/h2>\n\n\n\n<figure class=\"wp-block-table is-style-stripes\"><table><tbody><tr><td>Sempozyum A\u00e7\u0131l\u0131\u015f Tarihi<\/td><td>20 Ekim 2023<\/td><\/tr><tr><td>Sempozyum Konu\u015fmalar\u0131<\/td><td>20 Ekim 2023<\/td><\/tr><tr><td>Sempozyum Kapan\u0131\u015f Tarihi<\/td><td>20 Ekim 2023<\/td><\/tr><\/tbody><\/table><\/figure>\n\n\n\n<p>\u0130ncelemek i\u00e7in <a href=\"https:\/\/www.iensci.org\/energydays\">t\u0131klay\u0131n<\/a><\/p>\n\n\n\n<h2 class=\"wp-block-heading\">I. Uluslararas\u0131 Enerji G\u00fcnleri<\/h2>\n\n\n\n<figure class=\"wp-block-table is-style-stripes\"><table><tbody><tr><td>Sempozyum A\u00e7\u0131l\u0131\u015f Tarihi<\/td><td>1 Haziran 2021<\/td><\/tr><tr><td>Sempozyum Konu\u015fmalar\u0131<\/td><td>1 -3 Haziran 2021 <\/td><\/tr><tr><td>Sempozyum Kapan\u0131\u015f Tarihi<\/td><td>3 Haziran 2021<\/td><\/tr><tr><td>Tam Metin Bildiri Son G\u00f6nderim Tarihi<\/td><td>1 Temmuz 2021<\/td><\/tr><\/tbody><\/table><\/figure>\n\n\n\n<p>\u0130ncelemek i\u00e7in <a href=\"https:\/\/energydays2021.cumhuriyet.edu.tr\/\">t\u0131klay\u0131n<\/a><\/p>\n\n\n\n<p><\/p>\n","protected":false},"excerpt":{"rendered":"<p>III. Uluslararas\u0131 Enerji G\u00fcnleri Sempozyum A\u00e7\u0131l\u0131\u015f Tarihi 27 Aral\u0131k 2024 Sempozyum Konu\u015fmalar\u0131 27 Aral\u0131k 2024 Sempozyum Kapan\u0131\u015f Tarihi 27 Aral\u0131k 2024 II. Uluslararas\u0131 Enerji G\u00fcnleri Sempozyum A\u00e7\u0131l\u0131\u015f Tarihi 20 Ekim 2023 Sempozyum Konu\u015fmalar\u0131 20 Ekim 2023 Sempozyum Kapan\u0131\u015f Tarihi 20 Ekim 2023 \u0130ncelemek i\u00e7in t\u0131klay\u0131n I. Uluslararas\u0131 Enerji G\u00fcnleri Sempozyum A\u00e7\u0131l\u0131\u015f Tarihi 1 Haziran 2021 &hellip; <\/p>\n","protected":false},"author":1,"featured_media":0,"parent":0,"menu_order":0,"comment_status":"closed","ping_status":"closed","template":"","meta":{"footnotes":""},"class_list":["post-56","page","type-page","status-publish","hentry"],"_links":{"self":[{"href":"https:\/\/energydays.cumhuriyet.edu.tr\/index.php?rest_route=\/wp\/v2\/pages\/56","targetHints":{"allow":["GET"]}}],"collection":[{"href":"https:\/\/energydays.cumhuriyet.edu.tr\/index.php?rest_route=\/wp\/v2\/pages"}],"about":[{"href":"https:\/\/energydays.cumhuriyet.edu.tr\/index.php?rest_route=\/wp\/v2\/types\/page"}],"author":[{"embeddable":true,"href":"https:\/\/energydays.cumhuriyet.edu.tr\/index.php?rest_route=\/wp\/v2\/users\/1"}],"replies":[{"embeddable":true,"href":"https:\/\/energydays.cumhuriyet.edu.tr\/index.php?rest_route=%2Fwp%2Fv2%2Fcomments&post=56"}],"version-history":[{"count":17,"href":"https:\/\/energydays.cumhuriyet.edu.tr\/index.php?rest_route=\/wp\/v2\/pages\/56\/revisions"}],"predecessor-version":[{"id":445,"href":"https:\/\/energydays.cumhuriyet.edu.tr\/index.php?rest_route=\/wp\/v2\/pages\/56\/revisions\/445"}],"wp:attachment":[{"href":"https:\/\/energydays.cumhuriyet.edu.tr\/index.php?rest_route=%2Fwp%2Fv2%2Fmedia&parent=56"}],"curies":[{"name":"wp","href":"https:\/\/api.w.org\/{rel}","templated":true}]}}